at is -223433 - -23?
-223410
In base 7, what is 245 - 4204?
-3626
In base 4, what is 12212 - 12111?
101
In base 3, what is 2201222202 + 11?
2201222220
In base 16, what is -1d4 + 7f7?
623
In base 2, what is -101 - 11000011101110101?
-11000011101111010
In base 14, what is -136b - 2c?
-1399
In base 6, what is -20441055 + 2?
-20441053
In base 6, what is 0 + -530152?
-530152
In base 3, what is -2102 - 211200211?
-211210020
In base 6, what is -2233 + 4324?
2051
In base 5, what is -1121 - -3400?
2224
In base 10, what is -3 - -60535?
60532
In base 4, what is -121121021 - -2?
-121121013
In base 4, what is -10 + 1300133331?
1300133321
In base 13, what is -1135 + -208?
-1340
In base 15, what is -97 - 156?
-1ed
In base 6, what is 2501245 + -2?
2501243
In base 2, what is 101101101100100001 + 11?
101101101100100100
In base 3, what is 100111 + -122?
22212
In base 14, what is -89 - 604?
-68d
In base 4, what is 301 - 23312?
-23011
In base 12, what is -3 - 8b47?
-8b4a
In base 5, what is -20 + 1222432?
1222412
In base 6, what is -20 - 12204144?
-12204204
In base 16, what is -4 - 1250d?
-12511
In base 16, what is -d14 - 2?
-d16
In base 5, what is 24 - -322134?
322213
In base 7, what is 2224 + 10354?
12611
In base 10, what is 29 - 450?
-421
In base 15, what is -17 - -249?
232
In base 11, what is 3 + -a17164?
-a17161
In base 4, what is 103100313 - 11?
103100302
In base 12, what is 4 + -8b54b?
-8b547
In base 7, what is 2 - 250331?
-250326
In base 2, what is 100 - -10000000110110100?
10000000110111000
In base 12, what is -14385 - 4?
-14389
In base 5, what is -2404322 - -11?
-2404311
In base 7, what is -106464 + 5?
-106456
In base 16, what is 116 + -da?
3c
In base 6, what is -10230511 - -4?
-10230503
In base 14, what is -1985 - 0?
-1985
In base 15, what is 16946 + -2?
16944
In base 4, what is -10 - 2220202?
-2220212
In base 12, what is 16 - -699?
6b3
In base 13, what is 1 + 21324?
21325
In base 12, what is -5b22 - 45?
-5b67
In base 4, what is -1030000 - -32?
-1023302
In base 2, what is 10010101 + 11100011110?
11110110011
In base 10, what is 15350 + -5?
15345
In base 11, what is 3 - 468?
-465
In base 7, what is -12560 + 36?
-12521
In base 13, what is -2b + -9c?
-ca
In base 13, what is -a1c + 297?
-755
In base 16, what is -3 - 1dc1?
-1dc4
In base 4, what is -10 - -20233222?
20233212
In base 7, what is 12515 + 12?
12530
In base 10, what is 2469026 - 3?
2469023
In base 10, what is 4545 - 133?
4412
In base 13, what is -5 + 56a?
565
In base 10, what is -10 - -1807?
1797
In base 14, what is -4 + -476c?
-4772
In base 15, what is 3 + -6539?
-6536
In base 12, what is -12a - 86?
-1b4
In base 14, what is -4a5775 - -1?
-4a5774
In base 10, what is 1558 - 5?
1553
In base 14, what is -38d8 + 0?
-38d8
In base 3, what is 110020 - -10211?
121001
In base 8, what is 22 - -46141?
46163
In base 14, what is b + -7956?
-7949
In base 11, what is 16947 - 1?
16946
In base 5, what is -20 - 4111301?
-4111321
In base 3, what is 1 - 1211000210120?
-1211000210112
In base 5, what is -1031 + -20301?
-21332
In base 13, what is -151 + 916?
795
In base 12, what is -1 + -170010?
-170011
In base 2, what is -101010111001100010 - -1111?
-101010111001010011
In base 7, what is -1035 - -31?
-1004
In base 8, what is 1 - 123216?
-123215
In base 4, what is 0 - 13301033?
-13301033
In base 13, what is -7b + c359?
c2ab
In base 7, what is -216 - 241?
-460
In base 11, what is -111a8 - 2?
-111aa
In base 9, what is 135061 + -3?
135057
In base 8, what is 46775 + 17?
47014
In base 5, what is 1344341332 + 1?
1344341333
In base 10, what is 11 - -84072?
84083
In base 16, what is 9bf + 22?
9e1
In base 9, what is 171060 + 2?
171062
In base 15, what is -a488 + -7?
-a490
In base 6, what is -25 + -2155000?
-2155025
In base 3, what is -220100222020 + -1?
-220100222021
In base 16, what is -29 + -c501?
-c52a
In base 2, what is -10001010 + 1001011111?
111010101
In base 3, what is 1102121001 - 2?
1102120222
In base 5, what is -10 + -12414400?
-12414410
In base 14, what is -1abc0 - 5?
-1abc5
In base 16, what is -3c0 + b2?
-30e
In base 7, what is 1040 + -6642?
-5602
In base 9, what is 5 + -15116?
-15111
In base 4, what is -202 + 122333?
122131
In base 6, what is -2 - 2155?
-2201
In base 12, what is 100 - -986?
a86
In base 7, what is 1 - 334311?
-334310
In base 4, what is 12123121 + -2?
12123113
In base 2, what is -1101100 - 1111101111?
-10001011011
In base 12, what is 37a + 1498?
1856
In base 7, what is -1150064 + 2?
-1150062
In base 11, what is 7301 + 18?
7319
In base 3, what is 10002100010200 - -11?
10002100010211
In base 13, what is 5c8 + -17c?
449
In base 14, what is 60417 + -2?
60415
In base 5, what is 3410 - -2122?
11032
In base 13, what is 1168b + 16?
116a4
In base 4, what is 2312002 - 230?
2311112
In base 7, what is -25246 - 5?
-25254
In base 10, what is 0 - 7007?
-7007
In base 8, what is 1 + 21051?
21052
In base 9, what is 361 - -6273?
6644
In base 12, what is -41b42 - 7?
-41b49
In base 15, what is 1c75 + 47?
1cbc
In base 14, what is 3747 - 2?
3745
In base 12, what is 28 + 1326?
1352
In base 12, what is 671b - -8?
6727
In base 15, what is -3 - -2c01?
2bed
In base 9, what is -2 + 27547?
27545
In base 14, what is c + a0b?
a19
In base 6, what is 43 - -14450?
14533
In base 16, what is -10 + 1be?
1ae
In base 9, what is -6 - -18110?
18103
In base 6, what is 1021 + -105?
512
In base 16, what is 631b2 + -11?
631a1
In base 8, what is -305441 + 3?
-305436
In base 8, what is -5 - 253372?
-253377
In base 10, what is -5 + -20207?
-20212
In base 8, what is 1413 + -177?
1214
In base 14, what is 6 + -19cb?
-19c5
In base 12, what is -94222 - -3?
-9421b
In base 12, what is 307 - 3894?
-3589
In base 13, what is -62 - -459?
3c7
In base 10, what is 1307 - -544?
1851
In base 6, what is -14 + -15124?
-15142
In base 8, what is -775 + 3111?
2114
In base 10, what is -6038 + -56?
-6094
In base 5, what is -142332 + 44?
-142233
In base 9, what is -528 - 37?
-566
In base 2, what is -11111001101110 + 0?
-11111001101110
In base 10, what is 19877 + -2?
19875
In base 11, what is -a839 - 38?
-a876
In base 7, what is 25066 + -24?
25042
In base 13, what is 4 - 19025?
-19021
In base 3, what is -2 + -121212212021?
-121212212100
In base 9, what is 5 + 1544058?
1544064
In base 12, what is -5 + 86a8a?
86a85
In base 6, what is 23540 + 243?
24223
In base 9, what is -112760 + 4?
-112755
In base 9, what is -5 - -587625?
587620
In base 13, what is -1b4c - 3a?
-1b89
In base 11, what is -2449 - 18a?
-2628
In base 13, what is -46 + -52?
-98
In base 9, what is 668 - 381?
277
In base 16, what is -18 + -250?
-268
In base 2, what is -101001100110111010010 - 11?
-101001100110111010101
In base 7, what is -14 - -164663?
164646
In base 7, what is 0 + -24635?
-24635
In base 12, what is -825 - 6b?
-894
In base 3, what is -1021021 + -2212?
-1101010
In base 16, what is 7b245 + 2?
7b247
In base 8, what is 3 + 1702303?
1702306
In base 15, what is -3 - 15913?
-15916
In base 4, what is -1320221 - 210?
-1321031
In base 5, what is -3 - -1221110?
1221102
In base 6, what is 12 - 4514320?
-4514304
In base 5, what is 40 + 113403?
113443
In base 14, what is 6 - -8b7d?
8b85
In base 10, what is -96725 + 2?
-96723
In base 15, what is 2 - 21547?
-21545
In base 9, what is 24 - 57853?
-57828
In base 11, what is -4 - 18118?
-18121
In base 10, what is 7 + -12999?
-12992
In base 11, what is -24 - -a6a24?
a6a00
In base 15, what is -5 + -1da48?
-1da4d
In base 13, what is 286 - 7?
27c
In base 8, what is 4 - 370270?
-370264
In base 15, what is -6a7e0 - 5?
-6a7e5
In base 4, what is 31131 + 1022?
32213
In base 2, what is -101100010110 - 1010?
-101100100000
In base 7, what is -13600265 - -4?
-13600261
In base 8, what is 1145 - 40?
1105
In base 12, what is -1 + 731a?
7319
In base 5, what is -21434 - 210?
-22144
In base 3, what is -1100202 + -102121?
-1210100
In base 14, what is 16c - -369?
4d7
In base 3, what is 100012 - 210002?
-102220
In base 5, what is 341044 + 43?
341142
In base 13, what is 504 - -1270?
1774
In base 12, what is 1b679 + -1?
1b678
In base 16, what is 26a + 53?
2bd
In base 3, what is 2200121 + -110?
2200011
In base 12, what is -a96b2 - 0?
-a96b2
In base 2, what is 1011 - -1001101101001?
1001101110100
In base 10, what is 10 + 271?
281
In base 10, what is -11 - -4216?
4205
In base 3, what is -1221